24
Suppose 0 = -4*g - z - 14 + 18, 5*z - 20 = -3*g. Suppose 11*h + h - 60 = g. What is the remainder when 379 is divided by h?
4
Let v be -103*5/(-25) - 2/(-5). Suppose 0 = z + q - 29, -2*z = -q - 46 - v. Calculate the remainder when 190 is divided by z.
30
Suppose -3*d + 378 = 2*y, 0 = 4*d - 6*y + 7*y - 509. Calculate the remainder when d is divided by 74.
54
Suppose -22*h = 8*h + 160 - 970. What is the remainder when 69 is divided by h?
15
Let d = -65 + 61. Calculate the remainder when 142 is divided by d + 6 + 9 + 2.
12
Calculate the remainder when -3*2*(-493124)/516 is divided by 155.
154
What is the remainder when 523 is divided by (-32)/(-6)*(-84)/(-16)?
19
Let c be 15/3*3/3. Suppose 3*r + r - 4*x = 136, -4*x = -c*r + 170. What is the remainder when 98 is divided by r?
30
Let f(o) = 3*o**2 + 2*o + 1. Let v(d) = 42*d + 419. Let u = -705 - -699. Calculate the remainder when v(u) is divided by f(2).
14
Let p(l) = 12*l + 159. Let y(v) = 25*v - 110. Let b be y(4). Calculate the remainder when 545 is divided by p(b).
38
Suppose -48 - 257 = -5*p. What is the remainder when 66 is divided by p?
5
Calculate the remainder when (-20)/(240/188)*-9 is divided by 30.
21
Suppose -2*j + 24 = -4. Let q = 305 + -123. Suppose 0 = -d + 2*f + 64, 2*f + 2*f = 3*d - q. What is the remainder when d is divided by j?
12
Suppose -723 = -3*j - 93. Calculate the remainder when 602/20 + (-21)/j is divided by 9.
3
Suppose -3*x = -5*r - 7*x - 108, -2*r - 44 = 2*x. Let s be (20/(-12))/(r/72). Calculate the remainder when -6*s/((-48)/116) is divided by 11.
10
Let i = -12 - -13. Let x be i/5 + (-158)/(-10). Suppose 3*v - x - 23 = 0. Calculate the remainder when 64 is divided by v.
12
What is the remainder when -11 - (-422 - (-21 + 12)) is divided by 111?
69
Suppose -o + 12 = -3*o + 5*i, -4*i + 8 = 0. Let p(v) = 15*v**2 - 2*v. Calculate the remainder when 236 is divided by p(o).
15
Suppose -60*c + 615484 = 151*c - 527714. What is the remainder when c is divided by 139?
136
Suppose 902 + 3763 = 5*c. Calculate the remainder when c is divided by 104.
101
Let y be 732/(-33) + (-78)/(-66) + -1. Let f = y + -274. Let d = -166 - f. What is the remainder when d is divided by 33?
31
Let k = -44 + 80. Suppose -56*x + 10754 - 5050 = -6000. Calculate the remainder when x is divided by k.
29
Suppose -23*x = -20*x - 228. Suppose -2*d + x = -5*l, 4*l - 11 = 2*d - 83. Calculate the remainder when 33 is divided by d.
5
Let u(j) = -5*j**3 + 15*j**2 - 40*j - 350. Calculate the remainder when u(-8) is divided by 12.
10
Suppose -2*v - 25*m = -29*m - 82, 0 = v - m - 39. Calculate the remainder when 187 is divided by v.
2
Let y(g) = g**3 + 6*g**2 - 4*g + 10. Let s be y(-5). Suppose -2*j = 3*j - s. Calculate the remainder when 15 is divided by j.
4
What is the remainder when ((12 - 0)*5800/3712)/(12/176) is divided by 46/(-3)*(-2 + -1)?
45
Suppose 8*x - 4*q - 132 = 4*x, 2*x + 3*q = 41. Suppose 19*d + 621 = x*d. What is the remainder when d is divided by 2/(-8) - 97/(-4)?
21
Suppose -31*q - 2928 = 39*q - 78*q. What is the remainder when q is divided by 2?
0
Suppose 0 = -3*a + 2*j + 133 - 2, -4*a = -3*j - 176. Calculate the remainder when 1147 is divided by a.
40
Suppose 5*x = -u + 539, u = x + 2*x - 317. Let p = -68 + x. Calculate the remainder when 148 is divided by p.
31
Suppose 0*c - 4*c + 5*n = -1183, 3 = 3*n. Calculate the remainder when c is divided by 15*((-18)/(-6) + 1).
57
Suppose 2*m = 4*m - 324. Let i(f) = 3*f**2 - 6*f + 32. Calculate the remainder when m is divided by i(3).
39
Suppose 67*l = 34*l + 8316. What is the remainder when l is divided by 15?
12
Let i = 1711 - -87. Calculate the remainder when i is divided by 10.
8
Let r be (-8 - -7) + (-7)/(-1). Let o = -4 + 11. What is the remainder when 2*(0 + 39/r) is divided by o?
6
Let b = 547 - 527. Suppose b*i - 795 = -115. What is the remainder when i is divided by 2?
0
Suppose 193*d - 5146 = 27*d. Calculate the remainder when 1359 is divided by d.
26
Let c(o) = 171*o + 2104. What is the remainder when 3274 is divided by c(-12)?
50
Suppose -6*d = -110 - 40. Let f(n) = -25 + 14 + 10 - d*n. Calculate the remainder when 70 is divided by f(-1).
22
Suppose 20*c = -156973 + 10573. What is the remainder when -3*(c/18)/10 is divided by (-5 - -2)*(-1 + -13)?
38
What is the remainder when 1351 is divided by (-5772)/143*(-264)/48?
19
Let j be 282 - (0/(6/2) + 5). Suppose -2*s = 5*h - 253, 14 = -2*s - 3*h + j. Calculate the remainder when s is divided by 21.
13
Let h be 1 + 0 + (40 - 1). Let i = h + 20. Calculate the remainder when i is divided by 31.
29
Let a = -413 - -432. Let r(n) = 7*n**2 - 96*n - 506. Calculate the remainder when r(-5) is divided by a.
16
Suppose 9596 = -20*i + 2*i + 31556. What is the remainder when i is divided by 11?
10
Let q(l) = -l**3 + 6*l**2 - 6*l + 10. Let y be q(5). Suppose y*m = -91 - 119. Calculate the remainder when 148 is divided by (48 - 3)/((m/4)/(-7)).
28
Suppose 0 = -9*k + 45*k - 17*k - 95. Calculate the remainder when 2*((-155)/2)/(-5) is divided by k.
1
Let u(j) = 8*j - 16. Let m be u(1). Calculate the remainder when (-2 - -105)*(-7 - m) is divided by 21.
19
Let n(c) = 8*c**2 + c + 4. Let a be n(2). Let d = a + -26. Calculate the remainder when 1 + 0 - (-30 + -2) is divided by d.
9
Suppose 3*w - 11 = 2*w. Suppose 6*r + 30 = w*r. Calculate the remainder when r is divided by 2 + 2 + -5 + 3.
0
Suppose -81450*d = -81430*d - 23689 + 8969. What is the remainder when d is divided by 40?
16
Suppose 0*w + 12 = -w. Suppose 3*m + 39 = 2*o, -5*o + 3*m + 111 = -0*m. Let s = o + w. What is the remainder when 69 is divided by s?
9
Suppose -9*l + 67 + 48 - 34 = 0. What is the remainder when 284 is divided by l?
5
Suppose 4*l - 40 = -42*j + 41*j, -4*j = 2*l - 188. What is the remainder when 427 is divided by j?
43
Let s = 159 - 92. Let r = 163 + 179. Let x = -307 + r. What is the remainder when s is divided by x?
32
Suppose 969*n = 1004*n - 1470. Calculate the remainder when 199 is divided by n.
31
Let d = -29671 + 29865. What is the remainder when 626 is divided by d?
44
Let i(w) = w + 76. Suppose 0 = -141*v + 275 + 2545. What is the remainder when i(0) is divided by v?
16
Let p(c) = 84*c + 7 + 83*c + 76*c - 252*c. What is the remainder when (4/(-3))/((-8)/948) is divided by p(-1)?
14
Suppose -5*r = -5*w - 365, 0 = -39*r + 37*r - 2*w + 162. What is the remainder when 919 is divided by r?
72
Suppose -4*p - 5 = -4*r + r, 4*r = p + 11. Suppose -3 = c - r*a, 0 = c + 3*a + 2*a - 21. Let k = c - 2. Calculate the remainder when k is divided by 1.
0
What is the remainder when 268 + 0 + (93/837)/(1/9) is divided by 15?
14
Suppose 3 = f - 2*r - 11, -f - 2*r = -6. Suppose 0 = -f*v + 6*v + 108. Calculate the remainder when 161 is divided by v.
26
Let a(z) = -2*z**3 + 42*z**2 + 23*z - 50. Calculate the remainder when a(13) is divided by 15.
13
Let w(h) = -89*h - 342. Let k(v) = -30*v - 114. Let a(f) = 11*k(f) - 4*w(f). Calculate the remainder when 105 is divided by a(-4).
5
Suppose -f = 222*c - 227*c + 4938, -4*c - 5*f + 3933 = 0. Calculate the remainder when c is divided by 55.
52
Let y(x) = x**2 + 2*x + 1. Let l be y(-1). Let d be 2*(-15)/10 - l. What is the remainder when 63 is divided by (1 - 17)/(d/6)?
31
Suppose 4*x + 3*q = 769, 3*x + 248*q - 249*q = 580. What is the remainder when x is divided by 90?
13
Calculate the remainder when 153 is divided by ((-96)/9 + 6)/((-4)/6).
6
Suppose 0 = -b + 3*r + 4, -24 = 4*b - 2*r. Suppose -112 = -6*n + 122. What is the remainder when n is divided by b/(-1) + 3/1?
6
Let s = -369 - -664. Let t(l) = -50*l**3 - 3*l**2 + 3. What is the remainder when s is divided by t(-1)?
45
What is the remainder when 509 is divided by (-142)/(-10) + 24*10/300?
14
Let o(v) = -v**3 + 18*v**2 - 57*v - 9. Suppose -2*r = 0, -f + 4*r = 3*f - 40. Calculate the remainder when o(f) is divided by 25.
21
Let d = 11720 - 11601. Calculate the remainder when 168 is divided by d.
49
Let m(g) = 2*g**3 - 14*g**2 + 10*g + 27. Suppose -32 = -4*p - 8. Calculate the remainder when 87 is divided by m(p).
12
Let a(m) = -3*m**3 - 20*m**2 - 58*m - 146. What is the remainder when 213 is divided by a(-6)?
83
Let n(i) = -i**2 - 12*i + 1. What is the remainder when 102 - ((-9061)/1326 - 5/(-6)) is divided by n(-6)?
34
Let m(o) = 13*o - 